574?
1574
Calculate the highest common divisor of 148 and 398884.
4
What is the greatest common divisor of 43399978 and 466?
466
Calculate the greatest common divisor of 1020657 and 26595.
591
What is the highest common factor of 202450740 and 48?
12
What is the greatest common divisor of 3710237 and 167785?
1459
Calculate the highest common divisor of 17669988 and 1908.
1908
What is the highest common factor of 39465 and 5310?
45
What is the highest common divisor of 16384 and 24175616?
1024
Calculate the highest common factor of 59368 and 669157.
181
Calculate the highest common divisor of 1666249 and 182.
13
Calculate the greatest common divisor of 3600092 and 25420.
124
Calculate the greatest common divisor of 541235224 and 2248.
2248
Calculate the greatest common divisor of 296677037 and 15841.
2263
Calculate the greatest common factor of 112798665 and 5.
5
Calculate the greatest common divisor of 34670923 and 161.
7
What is the greatest common factor of 7772327 and 67603?
1009
Calculate the greatest common divisor of 5533308 and 9.
9
Calculate the greatest common divisor of 3349070 and 4982.
106
Calculate the greatest common factor of 209255633 and 207.
23
Calculate the highest common factor of 2759218 and 4543.
77
What is the highest common factor of 4969256 and 134?
134
Calculate the greatest common factor of 4374 and 36034470.
1458
What is the highest common divisor of 286 and 17932057?
143
Calculate the highest common factor of 44 and 81187348.
44
Calculate the greatest common factor of 332572 and 12566860.
5452
What is the highest common divisor of 2774 and 6617231?
73
Calculate the greatest common divisor of 48626 and 556042.
82
Calculate the greatest common divisor of 90 and 10222710.
30
What is the greatest common factor of 26464530 and 2850?
570
What is the greatest common factor of 16405648 and 336?
112
What is the highest common factor of 22 and 339997394?
22
Calculate the highest common factor of 35587366 and 6801.
2267
What is the highest common divisor of 6734780 and 520?
260
Calculate the greatest common factor of 10250 and 290362.
82
What is the highest common factor of 143 and 22864738?
13
Calculate the greatest common factor of 44884020 and 654.
654
What is the highest common divisor of 172190608 and 16?
16
What is the highest common factor of 44153459 and 49?
49
What is the greatest common divisor of 2244 and 184598733?
561
Calculate the highest common divisor of 153323 and 2401853.
311
What is the highest common divisor of 26998866 and 72?
18
Calculate the greatest common divisor of 1339 and 22624465.
103
What is the greatest common divisor of 1552 and 6855766?
194
Calculate the greatest common divisor of 93863732 and 68.
68
Calculate the greatest common divisor of 52704 and 6250182.
366
What is the highest common divisor of 161 and 643002766?
161
What is the greatest common divisor of 2 and 20155?
1
Calculate the greatest common factor of 10787120 and 400.
80
Calculate the highest common factor of 24160331 and 2379.
793
What is the greatest common factor of 46568626 and 338?
338
What is the highest common factor of 111974205 and 1659?
1659
What is the highest common divisor of 3017503 and 44208?
307
Calculate the highest common factor of 50154602 and 354.
118
What is the highest common divisor of 1902 and 70150832?
634
Calculate the highest common factor of 10496 and 2223616.
256
Calculate the greatest common divisor of 15804 and 31027203.
3951
Calculate the greatest common divisor of 38411 and 639213.
71
Calculate the highest common factor of 6780970 and 12410.
730
Calculate the greatest common factor of 544 and 2547892.
68
Calculate the highest common factor of 172755765 and 1170.
585
What is the highest common divisor of 10824 and 41980884?
5412
Calculate the greatest common divisor of 567 and 23372307.
567
Calculate the greatest common divisor of 993 and 77673122.
331
Calculate the greatest common divisor of 4625 and 1216005.
185
Calculate the greatest common divisor of 46 and 121060362.
46
Calculate the highest common factor of 625492 and 41164.
1004
Calculate the highest common divisor of 4592948 and 382540.
2468
Calculate the greatest common divisor of 74271703 and 38.
19
Calculate the highest common divisor of 78 and 125052876.
78
Calculate the highest common factor of 435 and 19739140.
145
What is the highest common divisor of 67887 and 17100?
171
Calculate the greatest common factor of 78 and 609544.
26
What is the highest common divisor of 46781010 and 2565?
135
Calculate the highest common factor of 25030061 and 83.
83
What is the greatest common divisor of 257 and 144042589?
257
What is the highest common divisor of 2780 and 1438940?
20
Calculate the highest common divisor of 7490912 and 4576.
4576
What is the highest common factor of 4595593 and 850?
17
What is the highest common factor of 9163 and 13775542?
187
Calculate the greatest common factor of 13328 and 44781247.
833
What is the greatest common factor of 44455 and 35020?
85
Calculate the greatest common divisor of 270 and 24563925.
135
Calculate the greatest common factor of 63518 and 704522.
182
What is the highest common divisor of 4321 and 1358331?
29
What is the greatest common divisor of 49239 and 1575?
9
Calculate the greatest common factor of 248292 and 1332.
36
What is the greatest common divisor of 4650 and 1116155?
155
Calculate the highest common factor of 658 and 15925574.
658
What is the greatest common factor of 11 and 363795718?
11
What is the highest common divisor of 140490 and 331002?
126
Calculate the highest common divisor of 33229735 and 110.
55
What is the greatest common factor of 119296 and 326666?
466
Calculate the greatest common divisor of 54778806 and 306.
18
Calculate the highest common factor of 62206 and 14022.
38
What is the greatest common factor of 661624 and 955?
191
Calculate the highest common divisor of 3575759 and 12749.
671
Calculate the greatest common factor of 34565661 and 1521.
117
Calculate the highest common divisor of 3019509 and 7018.
29
Calculate the highest common factor of 1003392 and 126828.
468
Calculate the highest common factor of 4807 and 433257.
209
What is the greatest common factor of 76374032 and 13696?
1712
Calculate the greatest common divisor of 848160 and 40641.
1767
What is the highest common divisor of 9632025 and 4440?
555
Calculate the highest common factor of 30895 and 122581.
37
Calculate the greatest common divisor of 910 and 63560185.
65
What is the highest common factor of 51456 and 4141136?
1072
Calculate the greatest common divisor of 166201035 and 385.
385
What is the highest common factor of 302 and 20376997?
151
Calculate the highest common divisor of 252 and 2268616.
28
Calculate the highest common factor of 43016 and 454822.
38
What is the highest common divisor of 2935768 and 198?
22
Calculate the highest common divisor of 482346315 and 495.
495
Calculate the greatest common factor of 555 and 1624855.
185
What is the highest common factor of 729 and 18220788?
81
What is the highest common factor of 434628832 and 1166?
1166
What is the highest common factor of 106496657 and 695?
139
Calculate the greatest common divisor of 19842120 and 5640.
120
Calculate the highest common divisor of 148 and 32104.
4
What is the highest common factor of 83776 and 436288?
1088
What is the greatest common divisor of 853053 and 15?
3
What is the highest common factor of 12659010 and 10140?
390
Calculate the highest common factor of 28 and 387869566.
14
What is the highest common divisor of 22768 and 274608?
16
What is the greatest common divisor of 232 and 793583144?
232
What is the greatest common divisor of 283524 and 11112?
12
What is the greatest common divisor of 30701 and 3212?
11
Calculate the greatest common factor of 24288 and 3408669.
759
Calculate the greatest common divisor of 1894960 and 80.
80
What is the highest common divisor of 7805994 and 47334?
2058
Calculate the greatest common factor of 6740720 and 266.
14
Calculate the greatest common divisor of 768 and 10445888.
64
Calculate the greatest common factor of 74488 and 824.
8
What is the greatest common factor of 453651 and 2065767?
1947
What is the highest common factor of 416 and 8399612?
52
What is the greates